In base 16, what is -2cba2155 + 2?
-2cba2153
In base 2, what is 1110001010011001 + 10001000110?
1110011011011111
In base 2, what is -11011 - 111011101010010110010?
-111011101010011001101
In base 10, what is 118 + -8063?
-7945
In base 14, what is 23 + -8d8c4?
-8d8a1
In base 10, what is 9495 - -3153?
12648
In base 11, what is 327767 - -9?
327775
In base 14, what is 6525 - 141?
63c4
In base 8, what is -37 + -11722445?
-11722504
In base 8, what is -5 + 21511217?
21511212
In base 16, what is 6 + -45cec4?
-45cebe
In base 14, what is 1 + -143223?
-143222
In base 3, what is -1002121 - -1102010202012?
1102002122121
In base 14, what is -503d6b + 8d?
-503cbc
In base 9, what is 241748 - 1265?
240473
In base 7, what is -2 + -15426111?
-15426113
In base 12, what is 5 - -141078b?
1410794
In base 11, what is -22 - -441487a?
4414858
In base 2, what is -1011100100001010 + 11001111001?
-1011001010010001
In base 15, what is -55 - -220b7?
22062
In base 11, what is 2400a - -7a11?
30a20
In base 16, what is 0 + 1cd71c4?
1cd71c4
In base 16, what is f45 + 1773?
26b8
In base 14, what is 3061d - 2374?
2c289
In base 7, what is -26 + 61126645?
61126616
In base 12, what is 54270822 + 1?
54270823
In base 7, what is 2 - 512041053?
-512041051
In base 12, what is -b84790 - 4?
-b84794
In base 14, what is -7 - -ab8004?
ab7ddb
In base 8, what is -2 - -11442506?
11442504
In base 7, what is 261 - 3360?
-3066
In base 4, what is 1 + -122321100331?
-122321100330
In base 15, what is 10376a7 - -9?
10376b1
In base 16, what is 128c - c6c?
620
In base 9, what is 2028028702 + -5?
2028028686
In base 6, what is -4 + 1431445021?
1431445013
In base 16, what is -17c8 + -8c4?
-208c
In base 11, what is -5 + -82930?
-82935
In base 16, what is -2 - 1f1588?
-1f158a
In base 3, what is -1 + -1202111120222101?
-1202111120222102
In base 7, what is 652461 + -254?
652204
In base 7, what is -12406203025 - 2?
-12406203030
In base 12, what is -10720871 + -10?
-10720881
In base 16, what is -1fa1 + -65?
-2006
In base 10, what is 264 + 47062?
47326
In base 11, what is -12 + -141904?
-141916
In base 7, what is -150064255 + 1?
-150064254
In base 7, what is -1241355 + -331?
-1242016
In base 10, what is 547 - -46857?
47404
In base 14, what is -367 + 30a7?
2b40
In base 4, what is 123 - 113113202?
-113113013
In base 5, what is 104414330212 - 10?
104414330202
In base 8, what is -4751 - 1304502?
-1311453
In base 3, what is 2122 + -101101210112?
-101101200220
In base 16, what is 190776 + 4?
19077a
In base 7, what is 6354 + -5133?
1221
In base 12, what is -1a861 - 223?
-1aa84
In base 2, what is -101101000000101000110111110 + -10?
-101101000000101000111000000
In base 12, what is -133 + -65b7?
-672a
In base 6, what is -4 + -111524311?
-111524315
In base 9, what is -163 + -134851?
-135124
In base 7, what is 1000 + 26006?
30006
In base 7, what is -313 - 1365424?
-1366040
In base 7, what is 45012211 - 111?
45012100
In base 15, what is 3 - 2480597?
-2480594
In base 13, what is -80069 - 132?
-8019b
In base 2, what is -1110100101000110 - 10101010001?
-1110111010010111
In base 16, what is 2521d - -33?
25250
In base 4, what is 21231323321103 + 1?
21231323321110
In base 13, what is -39 + -28b1387?
-28b13c3
In base 5, what is -14142034433 - 10?
-14142034443
In base 7, what is 32262466 + -20?
32262446
In base 9, what is -166 + 27847?
27671
In base 8, what is -11165753 - 25?
-11166000
In base 15, what is 8d7b - -12?
8d8d
In base 3, what is -101010 - 10022020001?
-10022121011
In base 10, what is 78586989 + 0?
78586989
In base 14, what is 4165c61 + -3?
4165c5c
In base 4, what is -201 + -1100333113?
-1100333320
In base 14, what is bc9 + 1921?
270a
In base 9, what is 13776 - -1531?
15417
In base 16, what is -1 - -dff9ffb?
dff9ffa
In base 5, what is -123004 + -13133421?
-13311430
In base 16, what is -63b6d - 34?
-63ba1
In base 9, what is 4 + -4523233?
-4523228
In base 8, what is -344 - -41514?
41150
In base 12, what is -52558 + 4?
-52554
In base 9, what is 33 - 5027175?
-5027142
In base 3, what is 120110001212101 - -2?
120110001212110
In base 16, what is -33c7 - 9d6a?
-d131
In base 4, what is 11130030321 + 10?
11130030331
In base 7, what is -2 - 35366161?
-35366163
In base 13, what is -cc0 - 76c7?
-86b7
In base 4, what is 320 + 1232123303?
1232130223
In base 9, what is 263236 + 41?
263277
In base 11, what is 4 - -7029663?
7029667
In base 5, what is 344 + -131124211?
-131123312
In base 8, what is 260763 + -110?
260653
In base 5, what is 202124 - 42112?
110012
In base 12, what is -11396a3 - -7?
-1139698
In base 12, what is 3060628 + -18?
3060610
In base 6, what is -3413512 + -135?
-3414051
In base 13, what is 152 - 7949?
-77c7
In base 9, what is -16 + 162766724?
162766707
In base 11, what is -140 + 8a647?
8a507
In base 15, what is 8 + 294792?
29479a
In base 16, what is -190f2f - a?
-190f39
In base 10, what is -4050579 - -240?
-4050339
In base 7, what is -3 - -1364165202?
1364165166
In base 5, what is -2220040 - 121321?
-2341411
In base 14, what is 1 + -4a8536?
-4a8535
In base 14, what is -7c35 - 73d?
-8574
In base 2, what is 1101001101000110111100 - -100101?
1101001101000111100001
In base 3, what is -10221 - 11021001222002?
-11021002010000
In base 15, what is -5e3d9 + -3a6?
-5e790
In base 8, what is -72 - 42753?
-43045
In base 4, what is -3 + -33102100112?
-33102100121
In base 3, what is -111101112 + -120101?
-111221220
In base 11, what is 3 + -2061a35?
-2061a32
In base 6, what is 5425 + -333113?
-323244
In base 11, what is -351 - 592490?
-592831
In base 10, what is -144638 - 5160?
-149798
In base 3, what is 201 - -2120211101?
2120212002
In base 6, what is -4 - 13151132043?
-13151132051
In base 16, what is -5 - 359e06?
-359e0b
In base 8, what is -70 + 514064?
513774
In base 16, what is -494b - -95?
-48b6
In base 10, what is -14889 - 407?
-15296
In base 9, what is -4337 - -2401?
-1836
In base 10, what is 49 - -729768?
729817
In base 5, what is -10 - 1301444231?
-1301444241
In base 6, what is 24120120134 - 2?
24120120132
In base 4, what is -1210 + -310332230?
-311000100
In base 10, what is -214549 - 193?
-214742
In base 8, what is 10 - 2275727?
-2275717
In base 5, what is 3131 + -134410211?
-134402030
In base 2, what is -11110111011110001000111 + -10?
-11110111011110001001001
In base 3, what is 20120101122002 - -10?
20120101122012
In base 6, what is -24413 + 21331?
-3042
In base 13, what is -17aaa8 - -1?
-17aaa7
In base 7, what is 123643 - 21541?
102102
In base 4, what is 1331120002 + 12121?
1331132123
In base 3, what is -2012211011002210 - -121?
-2012211011002012
In base 9, what is 3 + -1057338?
-1057335
In base 13, what is -4 + -238863?
-238867
In base 7, what is 2 - 23111316?
-23111314
In base 8, what is -1735 + -50611?
-52546
In base 9, what is -1 - -256851403?
256851402
In base 16, what is 8051364 + 0?
8051364
In base 4, what is 3111320230122 + -13?
3111320230103
In base 11, what is -5 - 3022462?
-3022467
In base 2, what is -1101 - -10010110001?
10010100100
In base 12, what is -20 - 15a702?
-15a722
In base 7, what is 316463053 + 0?
316463053
In base 11, what is -47849421 + -11?
-47849432
In base 15, what is -3334 + 506?
-2d2d
In base 10, what is 115887 + 138?
116025
In base 4, what is -2331 - 1203222?
-1212213
In base 9, what is 12231434 - -10?
12231444
In base 7, what is 3052532332 - -3?
3052532335
In base 15, what is 5d + -55a6b4?
-55a656
In base 9, what is 5 - -178510618?
178510624
In base 7, what is -542444 - -113?
-542331
In base 11, what is -5 - 163a22300?
-163a22305
In base 12, what is 749 + 6588?
7115
In base 2, what is 11001000111010000010100110 - 10?
11001000111010000010100100
In base 11, what is 2959 + 45190?
48039
In base 16, what is -1523ad - b?
-1523b8
In base 16, what is 77 - -13b444?
13b4bb
In base 4, what is 1013 + 301331010?
301332023
In base 14, what is -303390 - -204?
-30318a
In base 3, what is -12121200101100 - 1?
-12121200101101
In base 7, what is 10542424 + -23?
10542401
In base 11, what is 5393 - 150a?
3984
In base 5, what is -402411340 - -1220?
-402410120
In base 9, what is 271633 + 452?
272185
In base 13, what is 26cb7 - 537?
26780
In base 16, what is 14eb - 146?
13a5
In base 3, what is 12201201 - -20012012?
102220220
In base 3, what is 20021002022211 + -1?
20021002022210
In base 9, what is -56 + 6742555?
6742